z = -16452 + 20902. Calculate the greatest common factor of 350 and z.
50
Suppose 20*h + 1241 - 53241 = 0. Calculate the greatest common divisor of 416 and h.
104
Suppose 449 - 8 = 7*v. Let t = -509 + 518. What is the highest common factor of t and v?
9
Let n(u) = u**3 + 19*u**2 + 40*u - 100. Let a be n(-15). Calculate the highest common factor of 640 and a.
40
Let z be (125/4)/(2/(-8)). Let t(j) = 6*j**2 - 405*j - 214. Let k be t(68). Let y be (-550)/z*(0 - k). Calculate the highest common divisor of 22 and y.
22
Let d = 156 - 147. Let u(r) = -r**3 + 12*r**2 - 16*r. Let p be u(d). Let n(b) = -3*b - 7. Let z be n(-6). What is the greatest common divisor of z and p?
11
Let n = 2207 + -1457. Suppose 6*z + 240 = n. Let p = z + -77. Calculate the greatest common divisor of p and 40.
8
Let r be (9/(-3) - 17)/(((-84)/(-12))/(-434)). Calculate the greatest common divisor of r and 640.
40
Let g = -50 - -1352. Suppose 10*b + 4*b - g = 0. What is the highest common divisor of 279 and b?
93
Suppose f + 4*q - 14 - 12 = 0, -f = -2*q + 4. Let w be (0 - 0)/(6/(-6)). Let y be (w - (f + -4)) + 5. What is the greatest common divisor of y and 2?
1
Let h be 256/120*-3*20/(-8). What is the greatest common divisor of h and 8656?
16
Let x be 3/6 - (-11 - 477/6). Calculate the greatest common divisor of x and 63.
7
Let w be (-5970)/(-9) + ((-5)/(-3) - 1). What is the greatest common factor of 415 and w?
83
Let d be (-1 - -8)/(1/2). Let l be (-60)/9*(-44)/((-1584)/(-1890)). Calculate the highest common divisor of l and d.
14
Let n = -7190 - -9206. What is the highest common divisor of n and 441?
63
Let w(f) = -180*f + 6246. Let y be w(34). What is the highest common divisor of y and 21105?
63
Let r be (8 + -11 - 5/(-3))*1311/(-23). Calculate the greatest common divisor of r and 1938.
38
Let j(p) = 26*p**2 - 145*p + 37. Let o(k) = -9*k**2 + 49*k - 13. Let q(d) = 4*j(d) + 11*o(d). Let z be q(9). Calculate the greatest common divisor of z and 369.
41
Suppose -5*s - 2*v = -2120, -7*s + 2*v + 1696 = -3*s. Calculate the greatest common factor of s and 530.
106
Let p = -172 - -177. Suppose -4*t - 2*a = -44, -p*t - 2*a = -0*t - 57. Calculate the highest common factor of 104 and t.
13
Suppose 46*j = -56*j + 99*j + 21. Let i = 202 - 111. What is the highest common factor of i and j?
7
Let w(u) = -u**3 + 24*u**2 + 29*u - 37. Let i be w(25). Suppose -1 - i = -o. Calculate the greatest common factor of o and 64.
64
Let r(k) = -k**2 + 16*k + 18. Let c(g) = -g**2 + 8*g + 64. Let s be c(13). Let p be r(s). Suppose -h = -3 + 2. What is the greatest common divisor of p and h?
1
Suppose -6*g - g = 973. Let y = -136 - g. What is the highest common divisor of 6 and y?
3
Suppose -50*q - 21979 = 15321. Let d = 758 + q. What is the greatest common factor of 63 and d?
3
Let a = 2527 - 2497. What is the highest common factor of a and 12510?
30
Let t be 45/2 - (-9 + 90/84*7). What is the highest common factor of t and 9192?
24
Let k be 6/(-4)*((-50)/6 + 1). Suppose -12 = k*n + 43. Let r(j) = 16*j**2 - 4*j + 9. Let s be r(n). What is the greatest common divisor of s and 39?
39
Let m = -3483 - -3547. Calculate the highest common factor of m and 2144.
32
Let r be 2586/27 - ((-190)/45 - -4). Let v = 147 + r. Suppose 2*i - 65 = v. Calculate the greatest common factor of i and 14.
14
Let h(c) = c**2 - c. Let z be h(3). Suppose 0 = z*b - 3*b - 3. Suppose 0 = -41*l + 44*l - 3. What is the highest common divisor of b and l?
1
Suppose 0 = 4*h + 2*n + 16, -3*n + 20 = -5*h - 0*n. Let c be -15*h/3 - 0. Let f = 1971 - 1956. Calculate the highest common factor of f and c.
5
Let i = 8 + 59. Suppose 224*z - 206*z = 2412. Calculate the greatest common divisor of i and z.
67
Suppose 3*d - 10126 = -h, -2*d = -348*h + 347*h - 6754. What is the greatest common divisor of 2743 and d?
211
Suppose 19*l + 56*l - 1400503 = -469978. What is the highest common factor of 19 and l?
19
Let d(j) = 251*j**2 - 7*j - 6. Let g be d(-1). Suppose 76*s + g = 77*s. Calculate the greatest common factor of s and 14.
14
Suppose -75*v = 30*v - 10794 + 3654. What is the highest common factor of v and 3026?
34
Suppose 18*p + 10608 = 22*p + k, k = -5*p + 13261. What is the greatest common divisor of p and 7?
7
Suppose -3*w - 1328 = -17*n + 13*n, -16 = -4*w. Let k = 381 - 314. What is the greatest common factor of k and n?
67
Let p = -9422 + 9968. What is the highest common factor of 429 and p?
39
Suppose -39 - 95 = -2*m + 2*f, 2*m - 155 = -5*f. What is the greatest common divisor of 2170 and m?
70
Suppose -27*f = -82 - 161. Suppose f*z + 848 = 25*z. Calculate the greatest common factor of 106 and z.
53
Let a be 0 + -1 - (4589946/(-609) + (-12)/(-14)). What is the highest common divisor of a and 22?
11
Let a be -224*(11/(-10) - 4/10). What is the highest common divisor of 1134 and a?
42
Suppose -2*a + 8*a = 30. Let i be a + (-4)/(-14) + (-184)/56. Let d(h) = -2*h**3. Let f be d(-1). What is the greatest common factor of f and i?
2
Suppose -54 = -2*v - 3*t + 275, 0 = 4*t - 12. What is the highest common factor of 540 and v?
20
Suppose 5828 = 13*v - 3792. Suppose 2*z + 4*y = v, -5*z + 3*z + y = -760. What is the greatest common divisor of z and 14?
14
Suppose 2*n + 2*f + 0*f = 554, -4*n = -f - 1083. Let b(w) = 3*w**2 - 36*w + 34. Let s be b(12). Calculate the highest common divisor of n and s.
34
Let t = -928 - -946. What is the highest common divisor of t and 20934?
18
Let s(k) = -5*k**2 + k**2 - 109 + 36*k + 5*k**2. Let l be s(3). What is the greatest common divisor of 800 and l?
8
Suppose 2*w - 1674 = -2*i, 5*w - 4169 = 18*i - 19*i. Calculate the greatest common factor of 34 and w.
17
Suppose 10*w = 3*w - 35. Let q(j) = -14*j - 4. Let t be q(w). Let v = 0 - -11. Calculate the greatest common divisor of v and t.
11
Suppose -2*b - 10 = -30. Let q be 5/b + (-237)/6. Let y = -27 - q. What is the greatest common factor of y and 12?
12
Suppose 3*t - 9 = 2*j, j + t - 2 = -4*t. Let z be (10/3 + j)/((-2)/(-78)). Suppose 0 = z*k - 202 - 227. What is the highest common divisor of k and 33?
33
Let c(o) = o + 262. Let h be c(58). What is the greatest common divisor of 560 and h?
80
Let h be (0 - -52 - -1) + 5. Calculate the highest common factor of h and 957.
29
Let h(n) = 3*n**2 + 64*n. Let f be h(-28). Calculate the greatest common factor of f and 380.
20
Suppose 5*r = 9*r - 740. Let k = 223 - r. Calculate the highest common factor of 171 and k.
19
Suppose 0 = y + 4*i - 2*i + 1, 4*i + 56 = 4*y. Suppose 387 = 24*c + 19*c. What is the highest common factor of y and c?
9
Suppose -16*n - 4*n = -80. Let t be 6/(((-2)/n)/(780/(-117))). Calculate the highest common divisor of 24 and t.
8
Let l = -467 + 482. Suppose -376 = -l*j + 389. Calculate the highest common factor of 969 and j.
51
Let i be (11*(-7)/(-77))/(1*(-2)/(-32)). Let g = -2 - 7. Let c = 7 - g. Calculate the greatest common divisor of c and i.
16
Suppose -9048 = 89*x - 176*x. What is the highest common factor of x and 2756?
52
Suppose -q + k - 9 = 0, -k = -2*q - 5 - 10. Let m be (316/q)/(16/72). Let p = m - -427. What is the highest common divisor of 76 and p?
38
Let t = -630 - -363. Let u = t - -281. Calculate the greatest common divisor of u and 1484.
14
Let t be (-177)/2*272/(-204). Suppose t = 2*k + 40. Calculate the highest common divisor of 52 and k.
13
Let x(i) = i**2 - 5*i + 2. Let g be x(-3). Let w = g - -110. What is the greatest common factor of 8 and w?
8
Let t(i) = -5*i**2 - 44*i + 9. Let l be t(-9). Suppose -3*u + u + z + 684 = l, -2*u - 3*z = -700. What is the highest common divisor of u and 16?
8
Suppose -8904075 = 355*j - 582*j. What is the greatest common divisor of 15 and j?
15
Let b = 1 + -34. Let v = b + 65. Calculate the greatest common factor of v and 32.
32
Suppose 476 - 100 = 2*p. Suppose -3*z = 3*k - 60, k - 4*z = 33 - 13. Let g = p - k. Calculate the highest common factor of 24 and g.
24
Let m be (-1)/(-3) + 19/((-741)/(-260)). Let c be (16/2)/(m - 62/9). What is the greatest common factor of c and 60?
12
Suppose -h + v = -160 - 100, -25 = 5*v. Let p(n) = -2*n**3 - 47*n**2 + 15*n - 201. Let f be p(-24). Calculate the greatest common factor of h and f.
15
Let t = 1701 - 3093. Let b be (t/(-54) - -3) + 2/9. What is the greatest common factor of b and 145?
29
Let k = 3